n factor of 192 and s?
48
Let n be (9 + 1)*2/4. Let l(r) = 9 - n - 13 - 17 - 2*r. Let a be l(-15). What is the greatest common factor of a and 36?
4
Suppose -3*w = 3*o + 5031, -13*w + 12*w - 3*o = 1671. Let x be (w/(-18))/8*3. What is the highest common divisor of 21 and x?
7
Suppose l - 3 - 3 = 0. Let i be (-1 - (3 - 2)) + (19208/14)/14. Calculate the highest common divisor of l and i.
6
Let w = 16982 - 12964. Calculate the greatest common divisor of 56 and w.
14
Let h(j) = -2*j**3 - 25*j**2 + 14*j + 30. Let y be h(-13). Let p = 50 + 35. Calculate the highest common factor of p and y.
17
Suppose -147*b - 73864 = -69*b - 106*b. Calculate the highest common factor of b and 2.
2
Let n = 75 + -103. Let g = n - -34. Let m(h) = 41*h**3 + 3*h - 2. Let w be m(1). Calculate the highest common divisor of g and w.
6
Let l(r) = -90*r - 774. Let v be l(-9). What is the highest common divisor of 212 and v?
4
Let w(d) = -5*d - 3. Let g be 1 + (1 - 2) - 7. Let h be w(g). Suppose -64 = -4*p + h. What is the greatest common factor of p and 60?
12
Let y be (-44)/55 - (-10856)/20. Let o = y + -302. What is the highest common divisor of 48 and o?
48
Let z = -11189 - -12328. Calculate the greatest common divisor of 340 and z.
17
Let c(w) = 174*w**2 - 172*w**2 + 4*w - 23*w - 6. Let y be c(16). Suppose -4*u + 164 = 4*o, -y = -5*o - u - u. Calculate the highest common divisor of o and 360.
40
Let l(n) = 21*n + 192. Let z be l(-8). Let h = 10 + z. Let y be 37 + (5 - 3 - 5). Calculate the highest common factor of y and h.
34
Let x be -4 + (-25)/(-5) + -1. Let b(v) = v**2 - 11*v + 2. Let o be b(x). Calculate the highest common factor of 16 and o.
2
Suppose -3*q + 31 = n - 126, -q = -5*n - 47. Let t = q + -49. Calculate the greatest common factor of t and 129.
3
Suppose 0 = 11*j - 12*j + 15. Let x be (3 + (-100)/j)*-3. Suppose -15 + 81 = 2*w. Calculate the highest common divisor of x and w.
11
Suppose 14*p + 30*p - 432 = 26*p. Let w = -5 - -7. Suppose w*k + p = 2*b - 56, 3*b + k = 128. What is the greatest common divisor of b and 14?
14
Suppose -3*o - 4*i + 96 = 0, o = -4*i - 136 + 184. What is the highest common factor of o and 6156?
12
Suppose 2*g = 1 + 3. Let k(p) = p + 25. Let z be k(-33). Let l be (6/(-120)*z)/(g/400). What is the greatest common divisor of l and 16?
16
Suppose -x - 50*l = -47*l - 942, -4*l + 3720 = 4*x. What is the greatest common factor of 672 and x?
84
Let j be ((-5487)/9)/(4/(-12)). Suppose -8*c = -j + 333. What is the greatest common divisor of 11 and c?
11
Suppose 10*y - 359270 = -29*y + 282709. What is the highest common divisor of 558 and y?
279
Let h = 1399 - 884. What is the highest common divisor of h and 309?
103
Let j be (-11 - -79)/((-1)/(-2)). Suppose 62 = 3*l - j. What is the greatest common divisor of l and 12?
6
Let x = 6343 - 6020. Calculate the highest common factor of x and 285.
19
Let d = 166 + -36. Let q = -25 + 45. Suppose q = u - 6. Calculate the highest common divisor of d and u.
26
Let v(n) = 19*n**2 - 61*n + 52. Let p be v(1). What is the highest common factor of 19110 and p?
10
Let g(q) be the third derivative of -49*q**4/24 - 28*q**3/3 - 2*q**2 + 26*q. Let w be g(-4). What is the highest common factor of 28 and w?
28
Suppose 0 = -10*r + 25*r + 8595. Let i = r - -937. What is the greatest common factor of 28 and i?
28
Suppose r + 2*b - 8 = 0, r + 3*b + 6 = 4*r. Suppose 4*g - 2*g = 4, 4*g = r*d. Calculate the highest common factor of d and 58.
2
Suppose -4*s + 260 = -4*u, 3*s - 70*u + 65*u = 191. Calculate the greatest common factor of 3 and s.
1
Let b(g) = g**2 + 10*g + 12. Let s be (-2)/(-7) + (-468)/21. Let q = -43 - s. Let y be b(q). What is the greatest common divisor of y and 27?
27
Suppose -508 = 4*t + j, 0 = 2*j - j. Let u(s) = -s**2 + 12*s + 5. Let c be u(18). Let z = c - t. Calculate the highest common divisor of 16 and z.
8
Let o(j) = -27*j + 430. Let h be o(-16). What is the greatest common factor of 2 and h?
2
Suppose -2*p = -0 - 6. Let r be (-7 + 1)*p/(-3). Let g be (-18*(-3)/(-30))/(30/(-700)). Calculate the greatest common factor of g and r.
6
Let c(i) = 44*i + 180. Let z be c(-4). Suppose 29 = d - 11*o + 6*o, 4*d + 4*o = -z. Suppose -40 = 2*a - 7*a. What is the greatest common factor of a and d?
4
Let p = -1051 + 1063. Suppose 4*a - 317 = 499. Calculate the greatest common factor of a and p.
12
Let u be (-10)/(1/(-2) - 0). Let j = -228 + 254. Let b be (-24 - j)*(1 - 2). Calculate the highest common factor of b and u.
10
Suppose -324 = 6*o - 348. Suppose -o*g = -2*q + 236, -8*q = -3*q - 3*g - 597. What is the greatest common divisor of q and 30?
30
Let l(b) = b + 13. Let z = -56 - -45. Let w be l(z). Suppose -4*n + 0*n - 5*p + 385 = 0, 5*n - w*p - 440 = 0. What is the highest common factor of 18 and n?
18
Let q = -12 + 17. Suppose 0*h + 2*h - o = 50, -q*h + 114 = 3*o. Let y be (-15)/(-35) + 1662/42. What is the greatest common factor of y and h?
8
Suppose -37*s = -13*s - 192. Suppose 69*x - 71*x = -s. Calculate the highest common divisor of x and 38.
2
Let k(u) = 23*u + 478. Let a be k(-6). What is the highest common factor of a and 935?
85
Let y(x) = 15*x - 65. Let a be y(5). Suppose 4*z - a*z = -1800. Calculate the greatest common factor of 24 and z.
12
Suppose 500 = 4*x - 3*k, -2*x + 264 = 19*k - 17*k. Let g(r) = -r**3 - 15*r**2 + 20*r + 72. Let m be g(-16). Calculate the greatest common factor of m and x.
8
Suppose -35 = -15*v + 10*v. Let f(z) = -z**3 + 5*z**2 + 23*z - 9. Let q be f(v). Let o be (-34)/(-2) + (0 - -1). What is the highest common factor of q and o?
18
Suppose 0 = -23*z + 115672 + 36670 - 31684. Calculate the greatest common factor of 344 and z.
86
Let b(k) = 5*k - 93. Let c be b(-28). Let s = c + 431. What is the greatest common factor of s and 22?
22
Let s = 8825 + -8655. Let n(c) = 7*c + c**2 - 1 + 5 + c**2. Let l be n(-6). Calculate the highest common factor of l and s.
34
Let t(n) = 82*n**2 + 4*n + 5. Let j be t(-1). Let u = j + -80. Suppose -u*h + 90 = 2*h. Calculate the greatest common factor of 18 and h.
18
Let h = 32848 + -32763. Let a(x) = 35*x - 5. Let w be a(5). What is the highest common divisor of w and h?
85
Let o(p) = 2*p + 126. Let j(h) = h**2 - h + 28. Let n be j(0). Let v be o(n). Calculate the greatest common factor of v and 26.
26
Let i be 34/(-1)*3/6. Suppose 161 = -35*c - 1204. Let q = i - c. What is the highest common factor of q and 66?
22
Let d be (4 + 2224/(-64))*16/(-3). What is the highest common factor of 18204 and d?
164
Suppose -14*s - 481 + 5395 = 0. Calculate the greatest common factor of s and 13.
13
Suppose t + 5*p - 15 = 0, 2*p + 3 = -5*t + 32. Suppose t*y - 4*q + 2*q = 133, 0 = -3*y - q + 71. Calculate the greatest common divisor of 100 and y.
25
Suppose -95*k + 197*k - 160*k = -166460. What is the greatest common factor of 20 and k?
10
Let r(g) = -g**3 - 16*g**2 - 32*g - 53. Let q be r(-14). Suppose 0 = q*c, -2*c = 3*h - 7*c - 435. What is the highest common factor of h and 5?
5
Suppose 26 - 15 = -o. Let k(h) = -h**2 - 14*h - 32. Let z be k(o). What is the greatest common divisor of 37 and z?
1
Suppose -53*s + 2051 = -2825. Suppose d = 3*o - s, -41 = -5*o + 2*d + 112. Calculate the highest common factor of 496 and o.
31
Let d = -10 + 14. Suppose 1 + 251 = d*t. Let m(u) = 101*u + 5374. Let i be m(-53). Calculate the greatest common divisor of i and t.
21
Let k(r) = 7*r + 18. Let h(u) = -28*u - 73. Let c(p) = -2*h(p) - 9*k(p). Let f be c(-4). Suppose 4*n + 48 = 8*n. What is the highest common factor of f and n?
12
Suppose 0 = -20*q + 19*q + 20. Suppose 2*c + 2*c - q = 0, -10 = v - 2*c. Suppose -3*s = n, -6 = 2*s - v*s. Calculate the highest common divisor of n and 36.
9
Suppose 6*r + 3*r = 3*r. Suppose 120 = 5*f + 5*b, -32 = -3*f + 5*b - r. Suppose -q - 2*q = -285. What is the greatest common factor of f and q?
19
Suppose -2*f - 11*w - 857 = -10*w, w + 426 = -f. Let r = f - -511. What is the highest common divisor of 40 and r?
40
Let k(s) = -151*s - 1286. Let r be k(-15). What is the greatest common factor of 33 and r?
11
Suppose 9982 = -621*x + 644*x. What is the highest common divisor of x and 56?
14
Suppose 92*j = 2*i + 90*j - 3462, -5*j = -2*i + 3480. Calculate the greatest common divisor of 120 and i.
15
Let f be (63 - 1) + 5/5. Let b be ((20